ppose 0 = -2*j + 80 - 0. Calculate the remainder when 472 is divided by j.
32
Suppose f + 2*u + 14 = 77, 5*u + 145 = 3*f. What is the remainder when f is divided by 15?
10
Suppose 0 = -d - 2*d - 5*m + 216, -2*d + 3*m = -125. Suppose 3*a - 5*a + d = f, -5*a - 5*f = -160. Calculate the remainder when a is divided by (-4)/3*(-54)/4.
17
Suppose 2*x = 7*x + 200. Let k = x - -79. Calculate the remainder when k is divided by 21.
18
Let v = -2 + 33. Suppose -b + 191 = -45. Suppose 8*c + b = 12*c. What is the remainder when c is divided by v?
28
Suppose -25*r + 203 = -18*r. Calculate the remainder when r is divided by (4/(-16))/(2/(-40)).
4
Suppose 32*i = 8*i + 528. Calculate the remainder when 148 is divided by i.
16
Let u(x) = -2*x**2 - 10*x - 1. What is the remainder when 52 is divided by u(-2)?
8
Let v = -54 - -41. Let c = v - -24. Calculate the remainder when 43 is divided by c.
10
Let z(y) = -14*y - 5. Let h(x) = -x - 9. Let k be h(-7). Calculate the remainder when 67 is divided by z(k).
21
Let z(t) = t**2 + 24*t + 4. Calculate the remainder when z(6) is divided by 17.
14
What is the remainder when (-12)/48*(-2 - 506) is divided by 46?
35
Suppose 2*k = -5*x + 156, 0 = -x - 21*k + 20*k + 30. What is the remainder when x is divided by 11?
10
Let f = 27 + 18. Suppose -2*m + 5*m = 111. Let g = -14 + m. Calculate the remainder when f is divided by g.
22
Let p(i) = -45*i - 101. Let q = 143 + -101. Let d = q - 23. What is the remainder when p(-3) is divided by d?
15
Let a(q) = -q**2 + 23*q + 39. Let l(m) = -43*m + 1. Let z = -5 - -4. What is the remainder when l(z) is divided by a(24)?
14
Suppose -4*v = -83 - 21. Suppose 0 = -27*k + 38*k - 99. Calculate the remainder when v is divided by k.
8
Let y(x) = 7*x + 9*x**2 + 2*x**3 - 7 + 7*x - 3*x**3 - 2*x. Let h be y(10). Let f = h - 3. What is the remainder when 19 is divided by f?
9
Suppose y = -5*h + 10 + 6, 4*y = -3*h + 98. Suppose y + 233 = 7*d. Calculate the remainder when d is divided by 19.
18
Suppose 188 + 82 = 5*u. What is the remainder when u is divided by 3/(-9) - 129/(-9)?
12
Let n = 221 + -180. Calculate the remainder when n is divided by 17.
7
Let k(n) = n**3 + 8*n**2 - n. Suppose 0 = 11*x - 67 + 34. Calculate the remainder when k(-8) is divided by x.
2
Let d = -19 + 23. Suppose 0 = d*q - 0*q + 472. Let s = -48 - q. What is the remainder when s is divided by 18?
16
Let a be 10/55 - (-172)/22. Let j be (a - 1)*(2 + 1). Suppose 0 = -3*p + 12 + j. What is the remainder when 42 is divided by p?
9
Let g = -49 - -35. Calculate the remainder when 10 is divided by g/35*(0 - -10)/(-2).
0
Suppose 5*v + 3*x + 60 = 2*x, 2*x - 36 = 2*v. Let a = v - -5. What is the remainder when 14 is divided by (6 + -3)*a/(-6)?
2
Let s(t) = 27*t - 4. Suppose 3*z = -u + 18 + 2, 4*z - 122 = -5*u. What is the remainder when s(2) is divided by u?
24
Let y = 2744 - 2703. Calculate the remainder when 77 is divided by y.
36
Let n = 14 + 1. Suppose 39 = -6*h - 15. Let d = h + n. Calculate the remainder when 22 is divided by d.
4
Let o(z) = -3*z. Suppose -3*p + 19 = -2*l, -11*p - 12 = -10*p + 3*l. Calculate the remainder when o(-5) is divided by p.
0
Suppose q + 2*q = -3. Let p be (-1 - (q - 0))/(-2). Calculate the remainder when (164/(-4))/(p + -1) is divided by 14.
13
Let f(m) = m + 5. Let z be f(-3). Suppose -3*p = -4*g - 46, 7*p + 4*g - 66 = z*p. Calculate the remainder when 38 is divided by p.
10
Calculate the remainder when 574 is divided by ((-1056)/(-220))/((-2)/(-30)).
70
Let o = 28 + 1. Suppose 2*d - o = -7. What is the remainder when 76 is divided by d?
10
Suppose -4*n - 16 = -44. Calculate the remainder when (-3)/(-5) + (-1992)/(-30) is divided by n.
4
Let b(m) = -25*m - 600. Calculate the remainder when 80 is divided by b(-25).
5
Let o = -8 - -10. Suppose 0 = 5*x - 5*y - 230, x - 136 = -o*x + 2*y. Calculate the remainder when 263 is divided by x.
43
Let q(a) = -2*a - 9. Let p be q(-6). Suppose p*i = 7*i - 24. What is the remainder when 1 is divided by 8/i - 11/33?
0
Let b(f) = -2*f + 37. Let c(i) = 3*i - 73. Let t(x) = -7*b(x) - 4*c(x). What is the remainder when 61 is divided by t(-6)?
19
Let r be 2/(-6)*54/9 + 47. Suppose 67 + r = 4*b. Calculate the remainder when 139 is divided by b.
27
What is the remainder when (0 - (-11)/2)*(-748)/(-17) is divided by 81?
80
Suppose -3*l = 4*v - 32, 4*v = 5*l + 3*v - 61. Calculate the remainder when 251 is divided by l.
11
Let p = 164 - 87. Calculate the remainder when p is divided by (-7)/(28/104)*-1.
25
Let c(j) = j**3 + 26*j**2 - 3*j + 78. Calculate the remainder when c(-26) is divided by 57.
42
Suppose -27*r + 21*r = -216. Suppose 5*y + 4*b + 11 = 0, 5*b + 5 = 3*y - 18. Calculate the remainder when (-3)/(-5) - r/(-15) is divided by y.
0
What is the remainder when (-4)/22 + (-2191)/(-11) is divided by 40?
39
Let a(z) = 5*z**2 - 36*z - 20. Calculate the remainder when 167 is divided by a(8).
11
What is the remainder when (-7092)/(-44) + -3*(-6)/(-99) is divided by 6?
5
Let p be 252/30 + 6/(-15). Suppose p*m = 9*m - 15. What is the remainder when m is divided by 8?
7
Calculate the remainder when 41 is divided by 7 + (3 - (-12)/(-6)).
1
Let d(r) = r**3 - 13*r**2 - 5*r - 6. Let q be d(14). Let z be (-1)/(q/39 + -3). Let v = z - -20. What is the remainder when 11 is divided by v?
4
Suppose 1598 = 3*b - 2*j, 4*j - 20 + 0 = 0. Calculate the remainder when b is divided by 49.
46
Suppose 3*t - 142 = 3*i - 4*i, -3*t - 3*i + 132 = 0. Calculate the remainder when t is divided by 28.
21
Let t(g) = 16*g + 3. Let u be t(-2). Let v = u + 35. Calculate the remainder when 16 is divided by v.
4
Suppose -4*d = -4*o - 172, 0*o + o = -3*d + 141. Let b = d - 34. What is the remainder when 32 is divided by b?
8
Suppose -2*y - 3*y = -5*o - 120, o + 111 = 4*y. Suppose -5*g = -5*q - 120, 0 = g - 2*q - 0*q - y. What is the remainder when g is divided by 11?
8
Let z(x) = 2*x**2 - 16*x + 15. Let w be z(11). What is the remainder when 2/(-4) + (-75)/(-6) is divided by (w/(-12) - 1/4)*-1?
5
Let h = 3 - -8. Suppose -252 = -9*r - 0*r. Let v = r + -21. What is the remainder when h is divided by v?
4
Let n(q) = 3*q**2 - 10*q + 20. Suppose -5*g + 24 = -2*g. Calculate the remainder when n(2) is divided by g.
4
Let z(s) = 4 - 7 - 4*s**2 + 5*s**2. Suppose 16 + 44 = 5*f. What is the remainder when z(5) is divided by f?
10
Suppose -4 + 36 = 8*n. Suppose 5*x + 0*x - 75 = 0. Calculate the remainder when x is divided by n.
3
Let b(q) = 4*q**3 - 5*q**2 + 2*q + 7. Calculate the remainder when b(4) is divided by 20.
11
Suppose 0 = 4*q - 11 - 45. What is the remainder when 90 is divided by q?
6
Suppose 0*h = -h + 3. Suppose 17 = 4*x + 1. Suppose -4*q = 4*j - 36, x*j = 6*j + 4. What is the remainder when q is divided by h?
2
Let s be (-4 - 37/(-5))*5. Suppose 21*p = s*p. Suppose -7*l + l + 36 = p. What is the remainder when l is divided by 2?
0
Suppose -26 = -4*o - 6. Suppose -o*b - 3*j + 78 = -2*b, 25 = b + 2*j. What is the remainder when 51 is divided by b?
24
Suppose -9*z = 332 - 1286. What is the remainder when z is divided by 76?
30
Let g be 3/(-6) + (-10)/(-4). Suppose g*d - 61 = 71. Let t = -74 - -91. Calculate the remainder when d is divided by t.
15
Let i(z) = 3*z + 2. Suppose -63*l = -1505 - 385. Calculate the remainder when l is divided by i(5).
13
Suppose -1846 = -7*g + 394. Calculate the remainder when g is divided by 36.
32
Let r = -100 - -21. Let m = -27 - r. Calculate the remainder when m is divided by 14.
10
Let s(g) = -9*g + 17. Calculate the remainder when 137 is divided by s(-6).
66
Let d(y) = -y**3 + 12*y**2 - 4*y - 12. Let q be d(10). Suppose -23 = 5*g - q. Suppose -4*p - 11 + 39 = 0. Calculate the remainder when g is divided by p.
4
Let i = 2824 - 2427. Calculate the remainder when i is divided by 17.
6
Let p = -451 - -736. Calculate the remainder when p is divided by 74.
63
Suppose 73 + 47 = 3*f. Calculate the remainder when 91 is divided by f.
11
Let l be (2/5)/(1/5). Suppose 3*k + l*r + 2*r = -37, -3*r + 21 = -k. Let b = 28 + k. What is the remainder when b is divided by 8?
5
Let j(z) = -3*z**2 - 77*z - 54. Let m be j(-24). Let t be -11*(2 + (1 - -1)). Let b = t + m. What is the remainder when 41 is divided by b?
19
Let x(q) = q**2 - q + 54. Let i be x(0). Let h = -46 + i. What is the remainder w